g(b) = 26*b**2 - 6687*b + 34024. Give g(252).
4
Let s(m) = 3057*m - 235. Give s(0).
-235
Let h(t) = -4*t**2 + 508*t + 5459. Determine h(-10).
-21
Let x(s) = -2*s**2 - 890*s + 233110. Calculate x(185).
10
Let y(f) = -20204*f - 39934. What is y(-2)?
474
Let k(w) = -751*w - 12342. Calculate k(-17).
425
Let y(l) = 4666*l - 1460419. Calculate y(313).
39
Let t(y) = y**2 + 922*y - 55921. Calculate t(57).
-118
Let f(j) = -17*j**2 - 2730*j - 44838. Give f(-142).
34
Let c(j) = 3*j**2 + 6595*j + 3584256. Calculate c(-1215).
6
Let l(v) = v**3 + 175*v**2 - 15*v - 1374. Calculate l(-175).
1251
Let q(p) = 9*p**2 - 50*p - 411. Determine q(21).
2508
Let m(o) = 4*o**3 + 847*o**2 + 701*o + 14358. Give m(-211).
10
Let z(k) = 4*k**3 - 23*k**2 - 107*k + 573. Calculate z(5).
-37
Let d(y) = -2*y**2 - 1941*y + 89219. Calculate d(44).
-57
Let a(x) = -13*x + 971. Give a(98).
-303
Let z(y) = 2*y**3 + 259*y**2 - 137*y - 799. What is z(-130)?
111
Let n(p) = 685*p + 3356. Determine n(-5).
-69
Let u(q) = q**3 + 9*q**2 - 397*q - 33. Determine u(-25).
-108
Let i(c) = 3*c**2 - 7215*c - 101596. Give i(-14).
2
Let h(l) = -1693*l**2 + 44496*l - 12429. Give h(26).
-1
Let t(f) = f**3 + 32*f**2 - 1763*f - 58312. Determine t(-38).
18
Let u(r) = 5*r**2 - 516*r + 4248. Calculate u(8).
440
Let g(r) = -r**2 + 48*r - 402. What is g(38)?
-22
Let c(k) = k**2 - 731*k - 3582. Determine c(-5).
98
Let y(k) = -29864*k - 776485. Determine y(-26).
-21
Let i(m) = 996*m + 45850. Calculate i(-46).
34
Let k(y) = 12*y**2 - 7327*y - 92830. What is k(623)?
-3
Let r(u) = -407*u**2 - 54536*u + 283. Determine r(-134).
15
Let j(h) = -42*h - 5768. Determine j(-95).
-1778
Let y(l) = -26546*l - 1194551. Give y(-45).
19
Let g(c) = -24888*c - 1219471. Calculate g(-49).
41
Let t(b) = 6027*b - 90323. Give t(15).
82
Let x(t) = -2*t**2 - 104*t + 2094. What is x(-71)?
-604
Let r(o) = o**3 + 27*o**2 - 163*o - 2164. Calculate r(-30).
26
Let o(x) = -10*x**3 + 871*x**2 - 98*x + 933. Give o(87).
-24
Let k(h) = -2*h**3 + 19*h**2 + 128*h + 103. Give k(14).
131
Let w(g) = 70*g**2 + 86*g + 62. Give w(-2).
170
Let k(t) = t**2 + 18693*t - 1671596. Give k(89).
2
Let b(v) = -v**3 + 94*v**2 + 227*v - 52817. Determine b(90).
13
Let s(r) = r**2 + 3383*r + 1403079. Determine s(-484).
-37
Let m(s) = 27571*s + 4935191. Give m(-179).
-18
Let f(i) = -10113*i - 596662. Calculate f(-59).
5
Let p(a) = 12*a**2 + 2727*a + 10717. Give p(-4).
1
Let i(a) = 896*a - 41319. Calculate i(46).
-103
Let v(i) = -i**3 + 57*i**2 + 51*i + 546. Calculate v(58).
140
Let h(w) = 15*w**2 - 1133*w - 4459. Calculate h(79).
-351
Let b(d) = 19*d**2 - 878*d - 2740. Give b(50).
860
Let l(v) = -v**3 + 17*v**2 - 253*v + 2667. Give l(13).
54
Let w(d) = 30*d**3 - 5*d**2 - 84*d - 83. Calculate w(-1).
-34
Let g(o) = -o**3 + 59*o**2 - 207*o + 12268. Give g(59).
55
Let o(m) = 2*m**3 + 513*m**2 + 232*m - 6001. Determine o(-256).
143
Let j(r) = -23078*r - 92424. Determine j(-4).
-112
Let t(g) = -366*g - 284. What is t(-3)?
814
Let n(t) = -12*t**2 + 528*t - 2134. What is n(4)?
-214
Let l(c) = -2*c**2 - 342*c - 4721. What is l(-15)?
-41
Let t(u) = -2*u**2 + 283*u + 21090. Determine t(-54).
-24
Let j(k) = k**3 + 123*k**2 + 2530*k + 812. Determine j(-97).
36
Let p(f) = 5*f**3 + 132*f**2 + 44*f + 234. Give p(-26).
442
Let d(i) = -93097*i - 1861996. Determine d(-20).
-56
Let s(p) = 9362*p - 1254230. Calculate s(134).
278
Let v(y) = -2*y**3 + 2535*y**2 - 52352*y - 26. Determine v(21).
-5
Let t(r) = 2473575*r - 11. Give t(0).
-11
Let f(y) = 2199*y + 1009437. Determine f(-459).
96
Let w(c) = 2*c**3 - 22*c**2 - 1921*c - 10254. Determine w(39).
3
Let u(r) = 74*r**2 - 168*r - 2406. What is u(7)?
44
Let a(w) = -2358*w + 4595. Calculate a(2).
-121
Let i(d) = 987*d - 121201. Determine i(123).
200
Let c(m) = 3*m**2 + 6186*m - 540800. What is c(84)?
-8
Let v(p) = 83*p**3 - 55*p**2 + 82*p + 55. Calculate v(2).
663
Let g(r) = -r**2 - 55*r - 24. Calculate g(14).
-990
Let m(w) = 12*w**2 + 23000*w + 183235. Determine m(-8).
3
Let v(x) = -165*x + 1034. Calculate v(16).
-1606
Let x(d) = 8*d**2 + 622*d + 1044. What is x(-76)?
-20
Let u(n) = -115*n + 11982. Calculate u(87).
1977
Let m(a) = a**3 + 685*a**2 + 5421*a + 28. Determine m(-8).
-12
Let m(j) = 11272*j - 574946. Determine m(51).
-74
Let q(c) = 18*c**3 - 221*c**2 + 9*c - 36. Give q(12).
-648
Let x(k) = k**3 - 568*k**2 + 22547*k + 1197. Calculate x(43).
-7
Let h(q) = 2357*q - 2043. Determine h(1).
314
Let u(z) = 3*z**3 - 66*z**2 - 37261*z - 1003. Calculate u(123).
-19
Let g(w) = -w**3 - 8*w**2 + 11*w + 21. What is g(-3)?
-57
Let u(t) = 80*t**3 - 2402*t**2 + 53*t + 224. What is u(30)?
14
Let v(l) = 92*l - 4217. Determine v(46).
15
Let x(q) = 17624*q + 1004536. Calculate x(-57).
-32
Let g(v) = 5*v**2 - 1147*v - 3377. Determine g(232).
-361
Let t(u) = -81*u**3 - 3*u**2 + 4*u. What is t(1)?
-80
Let n(k) = 1010*k + 24247. Calculate n(-26).
-2013
Let x(l) = l**2 + 36136*l - 3224021. Give x(89).
4
Let d(s) = -15*s**3 + 8*s**2 - 226*s + 219. Calculate d(1).
-14
Let u(i) = -9*i**2 + 1032*i + 4232. Give u(-4).
-40
Let n(u) = 35807*u - 143232. Determine n(4).
-4
Let r(h) = -801377*h + 801359. Calculate r(1).
-18
Let m(b) = -840*b + 558461. Give m(665).
-139
Let b(g) = g**2 - 361*g + 7671. Calculate b(23).
-103
Let t(a) = -195*a**2 - 59*a - 111. Give t(-2).
-773
Let b(w) = -w**3 + 471*w**2 - 22879*w. Calculate b(55).
55
Let y(d) = -2*d**3 - 45*d**2 - 35*d - 27. Calculate y(-22).
259
Let r(v) = -233537*v - 28491514. Determine r(-122).
0
Let l(j) = j**2 + 218*j + 11359. Determine l(-86).
7
Let x(o) = -997*o + 174382. What is x(175)?
-93
Let r(d) = 2*d**3 + 529*d**2 + 1831*d + 1847. What is r(-261)?
803
Let j(l) = -l**2 + 2870162*l + 1. Give j(0).
1
Let s(w) = -40203*w + 120431. Determine s(3).
-178
Let f(y) = 406*y**2 - 64146*y + 280. What is f(158)?
596
Let s(a) = -25*a**2 - 2931*a + 5242. Give s(-119).
6
Let i(r) = -4676*r + 5508332. Give i(1178).
4
Let a(x) = -1283*x - 47425. Give a(-37).
46
Let b(x) = x**3 + 194*x**2 + 2019*x - 107. Determine b(-11).
-173
Let j(t) = -645*t + 30804. Determine j(49).
-801
Let b(p) = -2*p**3 - 6*p**2 + 578*p - 3307. Calculate b(6).
-487
Let h(z) = -3*z**2 - 304*z - 3134. Determine h(-10).
-394
Let l(h) = -h**3 + 45*h**2 - 370*h - 41. What is l(11)?
3
Let k(p) = -p**3 + 83*p**2 - 1365*p - 903. What is k(60)?
-3
Let o(q) = -q**3 + 270*q**2 - 125*q - 38766. Calculate o(269).
-30
Let u(h) = 11*h**2 - 49*h - 807. Determine u(-9).
525
Let i(o) = -7*o**2 + 2051*o - 10209. Give i(5).
-129
Let b(y) = -y**2 - 3058*y - 772599. What is b(-278)?
241
Let r(c) = c**2 - 256*c - 2940. Give r(-11).
-3
Let a(u) = -12*u**2 + 4928*u - 8174. What is a(409)?
6
Let h(l) = -2*l**3 - 10*l**2 - 516*l - 3564. What is h(-7)?
244
Let i(k) = -5*k**3 - 143*k**2 - 90*k + 1064. Calculate i(-27).
-2338
Let y(i) = -550*i**2 - 23654*i - 96. Determine y(-43).
76
Let h(d) = 2*d**3 + 103*d**2 + 500*d + 1078. Calculate h(-46).
1354
Let p(d) = d**3 + 23*d**2 + 25*d - 312. Determine p(-17).
997
Let t(g) = -3*g**3 - 7*g**2 + 49*g + 411. Calculate t(-6).
513
Let b(a) = -3*a**3 + a**2 + 60*a + 19. Calculate b(7).
-541
Let c(v) = -v**3 - 33*v**2 + 6531*v - 305. Determine c(-99).
-8
Let a(o) = o**2 + 1258*o + 21118. Determine a(-17).
21
Let d(n) = -33261*n - 232858. Calculate d(-7).
-31
Let j(g) = 24*g**3 - 361*g**2 - 109*g + 1859. What is j(15)?
-1
Let p(z) = -227141*z - 227077. Give p(-1).
64
Let m(l) = -179*l**2 - 30345*l - 30342. What is m(-1)?
-176
Let n(d) = -2246*d**2 + 31449*d - 71. Give n(14).
-1
Let l(n) = -78*n**3 + 487*n**2 - 480*n - 7. Determine l(1).
-78
Let k(f) = -7*f**2 - 179*f - 177. Determine k(-25).
-77
Let z(y) = 1618*y - 155325. Give z(96).
3
Let f(g) = -21416*g + 621062. What is f(29)?
-2
Let d(s) = -s**3 + 87*s**2 - 93*s + 744. Determine d(86).
142
Let k(u) = -u**3 + 12*u**2 - 554*u + 8917. Calculate k(15).
-68
Let j(q) = 14*q**2 + 657*q - 29. Determine j(-47).
18
Let k(s) = -2*s**2 - 3622*s + 3457762. What is k(691)?
-2
Let r(p) = -5129*p - 246159. Determine r(-48).
33
Let r(h) = -h**3 - 2372*h**2 + 101396*h + 19309. What is r(-2414)?
-3
Let g(h) = -12159*h + 110517. Determine g(9).
1086
Let b(y) = -y**2 - 1652*y + 92145. Calculate b(54).
21
Let v(b) = 4997*b - 29875. Calculate v(6).
107
Let k(d) = -d**3 - 27*d**2 + 34*d - 398. What is k(-29)?
29